t b(k) = -4*k**2 + 157*k + 1020. What is b(-6)?
-66
Let x(q) = -10*q**2 - 331*q - 56. What is x(-33)?
-23
Let f(i) = 4*i**2 + 164*i - 959. Calculate f(6).
169
Let c(u) = -14*u**3 - 300*u**2 + 174*u + 10. What is c(-22)?
54
Let y(g) = 18386*g + 1470875. Determine y(-80).
-5
Let o(m) = -38*m**2 + 20*m - 375. Calculate o(-7).
-2377
Let l(t) = t**3 - 426*t**2 + 2371*t - 1010039. Calculate l(426).
7
Let b(r) = 17*r**2 + 606*r + 165. What is b(-35)?
-220
Let i(y) = -240*y**3 - y**2 - 2*y. Determine i(-1).
241
Let o(b) = 83*b**2 + 814*b + 814. Calculate o(-1).
83
Let b(a) = 153*a**2 + 806*a + 6. Determine b(-2).
-994
Let v(j) = -155*j - 6899. What is v(-46)?
231
Let v(m) = m**2 + 799*m + 2385. Give v(-3).
-3
Let u(t) = -2056*t**3 + 3*t**2 - 5. Give u(-1).
2054
Let s(m) = m**3 + 92*m**2 + 19*m + 1248. Determine s(-92).
-500
Let y(h) = -1004*h - 23320. Calculate y(-25).
1780
Let j(b) = -19*b - 403. Determine j(16).
-707
Let j(y) = y**3 + 33*y**2 - 23*y - 1768. What is j(-31)?
867
Let m(y) = 36*y**2 + 4191*y + 110578. Calculate m(-76).
-2
Let s(k) = 4*k**2 - 133*k - 4478. What is s(54)?
4
Let r(t) = 1026*t**2 - 32832*t - 53. Give r(32).
-53
Let s(q) = 2*q**3 + 324*q**2 - 6163*q - 903150. Give s(-164).
-2
Let j(f) = f**2 + 275*f + 15081. Give j(-75).
81
Let y(r) = -6*r**2 + 119*r - 591. Give y(6).
-93
Let g(o) = 42802*o + 1412470. Determine g(-33).
4
Let b(h) = -3*h**3 - 203*h**2 - 2905*h + 3921. What is b(-46)?
11
Let g(c) = -c**2 - 66543*c + 2263623. What is g(34)?
5
Let d(j) = 39*j**3 + 39*j**2 - 65*j - 24. Calculate d(2).
314
Let z(o) = 3798*o + 489931. Give z(-129).
-11
Let f(b) = -b**2 - 4968*b - 79294. Determine f(-16).
-62
Let o(h) = -6146*h + 129032. What is o(21)?
-34
Let i(q) = 232*q + 5136. What is i(-33)?
-2520
Let h(l) = l**3 - 105*l**2 + 2082*l - 32476. Determine h(85).
-6
Let o(w) = -3572*w - 378626. Give o(-106).
6
Let t(n) = 119*n**2 + 3955*n - 7361. Give t(-35).
-11
Let w(b) = 4*b**2 + 977*b + 3059. Calculate w(-241).
-74
Let m(d) = 10*d**2 + 54*d + 24. What is m(-6)?
60
Let y(a) = -180*a**2 + 345*a - 1. Give y(2).
-31
Let z(s) = -23790*s + 14464322. Give z(608).
2
Let k(x) = 133*x**2 - 552*x - 553. Calculate k(5).
12
Let o(a) = -1452306*a - 7261524. What is o(-5)?
6
Let y(b) = -3057*b + 265990. Give y(87).
31
Let g(r) = -2040*r**2 + 161153*r + 546. Calculate g(79).
-7
Let j(w) = -161107*w - 966700. Calculate j(-6).
-58
Let t(w) = -75*w**2 + 28094*w - 16453. Calculate t(374).
3
Let l(g) = -584*g - 272130. Determine l(-466).
14
Let c(l) = 490*l**3 + 33*l**2 - 96*l - 130. Give c(-1).
-491
Let n(l) = -3*l**3 + 50*l**2 - 107*l + 185. Determine n(14).
255
Let f(b) = 5539*b - 254817. Calculate f(46).
-23
Let g(d) = -61*d**3 + 494*d**2 + 162*d - 1691. Calculate g(8).
-11
Let h(l) = -25*l**2 - 758*l - 5068. Determine h(-10).
12
Let c(x) = -369*x**2 - 1437*x + 38. Determine c(-4).
-118
Let g(v) = 104*v + 3638. What is g(-6)?
3014
Let z(r) = 200758*r + 3814420. What is z(-19)?
18
Let i(p) = -37*p**2 - 5507*p + 35353. Calculate i(-155).
13
Let z(q) = -q**3 + 18*q**2 + 133*q + 308. Determine z(21).
1778
Let a(m) = 8508*m + 408437. Determine a(-48).
53
Let f(r) = -2*r**2 - 892*r + 10739. Give f(12).
-253
Let l(a) = -7*a**2 + 643*a - 294. Give l(90).
876
Let d(c) = -c**3 - 22*c**2 - 105*c - 126. Calculate d(-2).
4
Let r(o) = 2*o**2 + 42*o - 4820. Calculate r(-61).
60
Let q(d) = -346*d**2 + 200*d + 413. Calculate q(-2).
-1371
Let d(f) = f**2 - 20*f - 350. Calculate d(-11).
-9
Let r(m) = 7*m**3 - 5992*m**2 - 30177*m - 214. Calculate r(-5).
-4
Let o(l) = l**3 - 336*l**2 - 1002*l + 38. Calculate o(-3).
-7
Let k(o) = -2355*o - 108344. What is k(-46)?
-14
Let o(u) = -u**3 + 58*u**2 + 9*u - 6693. Calculate o(56).
83
Let p(v) = 121432*v - 1214323. What is p(10)?
-3
Let z(g) = -63*g**2 - 19*g - 30. Give z(-4).
-962
Let i(c) = -10*c**2 + 3394*c - 31045. What is i(330)?
-25
Let u(d) = -19699*d + 728888. What is u(37)?
25
Let k(v) = v**3 + 39*v**2 + 694*v + 5225. Determine k(-16).
9
Let p(n) = n**3 - 8*n**2 - 10*n + 228. Determine p(5).
103
Let z(d) = -5*d**3 + 36*d**2 - 53192*d + 372295. Give z(7).
0
Let m(r) = 240150*r - 960589. Determine m(4).
11
Let a(x) = -x**2 - 136*x + 1253. Give a(-134).
1521
Let x(c) = 31*c**2 + 38*c - 265. Give x(-6).
623
Let l(u) = u**3 + 155*u**2 - 10*u - 1528. Give l(-155).
22
Let y(q) = q**3 - 1999*q**2 - 12035*q - 1. Calculate y(-6).
29
Let o(w) = -2341*w - 4612. Give o(-2).
70
Let h(z) = 110*z + 10959. Determine h(-100).
-41
Let h(o) = 2*o**3 - 152*o**2 + 987*o + 6857. Determine h(68).
-11
Let v(n) = -7*n**2 - 143*n + 607. Determine v(5).
-283
Let l(g) = -63543*g - 1334409. Determine l(-21).
-6
Let s(n) = n**3 - 47*n**2 + 369*n - 11. Give s(15).
-1676
Let n(b) = b**2 + 2488*b - 52977. Give n(21).
-288
Let z(a) = -4*a**3 - 116*a**2 - 408*a + 64. What is z(-4)?
96
Let b(d) = 422*d + 1272. Determine b(-3).
6
Let o(y) = -3278*y + 9887. What is o(3)?
53
Let o(g) = -5449860*g + 114447054. Determine o(21).
-6
Let s(l) = 3*l**2 + 341*l + 7796. Determine s(-32).
-44
Let j(d) = 48947*d + 244732. Give j(-5).
-3
Let q(c) = -662*c + 19100. Calculate q(27).
1226
Let k(n) = 2113*n**2 + 19011*n - 3. Determine k(-9).
51
Let h(t) = -16*t**2 - 3902*t - 61288. What is h(-227)?
2
Let r(b) = -72*b**3 - 8*b**2 - 13*b + 59. What is r(3)?
-1996
Let w(a) = 2662*a - 32959. Give w(12).
-1015
Let j(w) = 4229*w + 114189. Determine j(-27).
6
Let r(q) = 3113*q - 146805. Give r(47).
-494
Let k(b) = 73*b**2 + 316*b + 289. What is k(-4)?
193
Let h(q) = -1383*q + 22718. What is h(17)?
-793
Let h(d) = d**3 + 119*d**2 - 2261*d + 28082. Calculate h(-137).
-3
Let b(d) = -531133*d + 13278299. Determine b(25).
-26
Let o(q) = -1022*q + 4001. Give o(3).
935
Let q(m) = -m**3 + 7*m**2 + 28*m - 197. Determine q(4).
-37
Let g(r) = 2*r**3 + 123*r**2 + 295*r - 156. Determine g(-59).
-156
Let g(i) = -11*i**2 + 490*i - 3209. Calculate g(8).
7
Let v(k) = -3044*k + 1315021. What is v(432)?
13
Let s(h) = -27694*h + 55324. Give s(2).
-64
Let b(t) = 826481*t + 1652963. Calculate b(-2).
1
Let o(d) = 3*d**3 - 129*d**2 + 1375*d + 85. What is o(23)?
-30
Let s(z) = 3728*z - 458537. Give s(123).
7
Let b(l) = 2*l**2 - 15071*l - 287055. Determine b(-19).
16
Let i(c) = -4803*c**2 - 1020*c - 1019. Determine i(-1).
-4802
Let b(j) = -354*j + 81040. What is b(229)?
-26
Let g(l) = -4758*l + 16701. Calculate g(4).
-2331
Let u(m) = m**3 - 10*m**2 + 40*m - 98. Calculate u(5).
-23
Let a(s) = 26857*s + 295430. Give a(-11).
3
Let y(q) = 3*q**2 - 407*q + 8351. Calculate y(120).
2711
Let l(j) = j**3 + 26*j**2 + 168*j + 134. What is l(-10)?
54
Let c(j) = -309*j**2 - 11034*j + 3227. Calculate c(-36).
-13
Let t(v) = -5*v**2 + 882*v + 1565. What is t(179)?
-762
Let v(b) = 2807*b + 13835. What is v(-5)?
-200
Let y(q) = -10*q**2 + 505*q - 119. Determine y(50).
131
Let k(i) = 13*i**3 + 12058*i**2 - 5557*i + 10160. Calculate k(-928).
-48
Let a(u) = -9611*u + 547837. Calculate a(57).
10
Let l(b) = b**3 + 92*b**2 - 955*b - 4613. Calculate l(-101).
33
Let j(o) = -37*o**2 - 5712*o + 523623. Give j(-219).
-6
Let j(c) = c**3 - 10*c**2 - 183*c + 1172. Give j(13).
-700
Let d(q) = q**3 + 33*q**2 + 320*q + 10722. What is d(-33)?
162
Let u(k) = k**3 + 200*k**2 - 38*k - 7007. Calculate u(-200).
593
Let s(d) = 9714*d + 15736692. Calculate s(-1620).
12
Let c(u) = -u**3 - 39*u**2 - 47*u + 1395. Calculate c(-35).
-1860
Let m(p) = 3*p**3 - 26*p**2 + 6056*p - 30025. What is m(5)?
-20
Let y(a) = 222*a + 8044. Give y(-35).
274
Let o(u) = u**2 + 5699*u + 832426. Determine o(-150).
76
Let m(y) = -y**3 - 12*y**2 - 11*y - 193. Calculate m(-8).
-361
Let j(t) = 4*t**2 + 15918*t + 316765. Calculate j(-20).
5
Let x(s) = 2*s**3 - 2*s**2 + 339*s + 2203. Calculate x(-6).
-335
Let x(g) = -6890*g**2 - 27573*g - 42. Give x(-4).
10
Let j(k) = 10284*k + 452530. Calculate j(-44).
34
Let w(a) = -12*a**2 + 5397*a + 27214. Determine w(-5).
-71
Let r(f) = 8*f**2 + 2652*f - 16034. Calculate r(6).
166
Let g(u) = 1599*u - 735482. Give g(460).
58
Let l(d) = 5*d**3 - 495*d**2 - 6*d + 541. What is l(99)?
-53
Let b(m) = 21*m**2 - 351*m + 982. What is b(8)?
-482
Let v(g) = -g**3 + 41*g**2 - 175*g - 1245. Calculate v(35).
-20
Let n(m) = -22*m**3 - 68*m**2 + 69*m - 1. Calculate n(-4).
43
Let c(h) = 35*h**3 - 515*h**2 + 787*h - 99. Calculate c(13).
-8
Let w(n)